a factor of 45213?
True
Is 959 a factor of 1253312?
False
Is 107764 a multiple of 10?
False
Is 196283 a multiple of 204?
False
Is 63244 a multiple of 2?
True
Does 4 divide 1595599?
False
Is 6 a factor of 46113?
False
Does 573 divide 696600?
False
Is 6 a factor of 803403?
False
Does 40 divide 2056129?
False
Does 188 divide 477770?
False
Is 6 a factor of 264282?
True
Is 16 a factor of 108776?
False
Is 135 a factor of 244014?
False
Is 43148 a multiple of 4?
True
Is 9390880 a multiple of 36?
False
Does 6 divide 115596?
True
Is 66 a factor of 190212?
True
Is 259 a factor of 11946764?
False
Does 111 divide 23754?
True
Is 511042 a multiple of 360?
False
Is 42 a factor of 862302?
True
Is 124 a factor of 80071?
False
Does 100 divide 38300?
True
Is 2027220 a multiple of 69?
True
Does 1348 divide 10844660?
True
Is 13 a factor of 58363?
False
Does 43 divide 1081622?
True
Is 4501332 a multiple of 101?
False
Is 210 a factor of 1103760?
True
Is 24 a factor of 63092?
False
Is 82 a factor of 127018?
True
Does 244 divide 402350?
False
Is 1318032 a multiple of 108?
True
Does 196 divide 31164?
True
Is 78 a factor of 1160815?
False
Is 24 a factor of 1621344?
True
Is 1136067 a multiple of 5?
False
Is 6 a factor of 173419?
False
Is 421125 a multiple of 141?
False
Is 1605991 a multiple of 19?
False
Does 12 divide 7233?
False
Does 7 divide 10578456?
True
Is 23 a factor of 462193?
False
Is 549543 a multiple of 85?
False
Does 622 divide 1484325?
False
Is 8363150 a multiple of 158?
False
Is 1041 a factor of 2912718?
True
Does 22 divide 663674?
True
Is 39926 a multiple of 71?
False
Does 532 divide 609672?
True
Is 2797357 even?
False
Is 9 a factor of 1127493?
True
Does 60 divide 687176?
False
Does 44 divide 8316?
True
Is 251 a factor of 3208533?
True
Is 1700000 a multiple of 680?
True
Does 9 divide 151101?
True
Does 23 divide 47172?
False
Is 1170988 a multiple of 28?
True
Is 1591636 a multiple of 58?
True
Is 3128452 a multiple of 70?
False
Does 19 divide 1327033?
False
Is 508757 a multiple of 20?
False
Is 28959 a multiple of 49?
True
Is 34 a factor of 10530051?
False
Does 65 divide 1033370?
True
Is 5556698 a multiple of 193?
False
Is 13724 a multiple of 94?
True
Is 177578 a multiple of 305?
False
Is 27 a factor of 78975?
True
Is 33 a factor of 5239212?
True
Is 307332 a multiple of 293?
False
Does 51 divide 2866186?
False
Does 13 divide 244127?
True
Is 2685696 a multiple of 128?
True
Is 38 a factor of 4698173?
False
Is 5349932 a multiple of 511?
False
Is 351 a factor of 419606?
False
Is 595 a factor of 1654493?
False
Does 20 divide 279180?
True
Is 14272 a multiple of 14?
False
Does 304 divide 262048?
True
Is 162 a factor of 4005288?
True
Does 34 divide 587044?
True
Is 382 a factor of 5094352?
True
Is 3145176 a multiple of 36?
True
Is 574 a factor of 375780?
False
Is 3501936 a multiple of 12?
True
Is 23 a factor of 102323?
False
Does 32 divide 108448?
True
Is 1186 a multiple of 3?
False
Is 796401 a multiple of 101?
False
Does 95 divide 2840025?
True
Is 640282 a multiple of 155?
False
Is 85 a factor of 126055?
True
Does 94 divide 168166?
True
Is 151570 a multiple of 4?
False
Is 314 a factor of 3633721?
False
Is 18375 a multiple of 8?
False
Is 22485 a multiple of 15?
True
Is 793855 a multiple of 79?
False
Is 105 a factor of 4487720?
False
Is 2378854 a multiple of 151?
True
Does 368 divide 1858171?
False
Does 63 divide 332388?
True
Is 16 a factor of 1333936?
True
Is 345618 a multiple of 13?
True
Is 1858059 a multiple of 29?
True
Does 435 divide 1007460?
True
Does 70 divide 4516120?
True
Is 525042 a multiple of 172?
False
Is 78 a factor of 364574?
False
Does 284 divide 18090377?
False
Does 14 divide 630547?
False
Is 57504 a multiple of 59?
False
Does 165 divide 5032170?
True
Does 4 divide 65940?
True
Is 511 a factor of 850921?
False
Is 19 a factor of 97622?
True
Is 102316 a multiple of 41?
False
Is 3 a factor of 158630?
False
Does 194 divide 2288812?
True
Does 28 divide 220108?
True
Is 186 a factor of 639096?
True
Does 2 divide 388640?
True
Does 63 divide 32193?
True
Is 2 a factor of 921136?
True
Does 10 divide 2951264?
False
Does 18 divide 344754?
True
Does 3 divide 372471?
True
Does 21 divide 50172?
False
Is 37 a factor of 933843?
True
Does 1386 divide 14217588?
True
Does 390 divide 62400?
True
Does 207 divide 639813?
False
Does 41 divide 342924?
True
Does 188 divide 193832?
False
Does 206 divide 484140?
False
Does 241 divide 448742?
True
Does 39 divide 97110?
True
Does 409 divide 5490825?
True
Is 4 a factor of 185029?
False
Is 2 a factor of 33599?
False
Is 104970 a multiple of 6?
True
Is 135 a factor of 1791720?
True
Is 180534 a multiple of 55?
False
Is 109512 a multiple of 324?
True
Does 5 divide 35660?
True
Is 18 a factor of 288995?
False
Is 50 a factor of 1832965?
False
Does 37 divide 215353?
False
Is 7 a factor of 88431?
True
Does 43 divide 8610878?
False
Does 14 divide 1273400?
False
Does 138 divide 338790?
True
Does 161 divide 153064?
False
Does 162 divide 26327?
False
Is 51 a factor of 20935449?
True
Is 5 a factor of 123140?
True
Is 45865 a multiple of 49?
False
Is 12 a factor of 418588?
False
Is 11 a factor of 9804?
False
Is 8017304 a multiple of 41?
True
Is 821247 a multiple of 18?
False
Is 149 a factor of 1030335?
True
Is 6630624 a multiple of 161?
True
Is 22 a factor of 1591964?
True
Is 1035348 a multiple of 94?
False
Is 282 a factor of 210654?
True
Is 473445 a multiple of 15?
True
Does 20 divide 9783?
False
Is 156 a factor of 4200333?
False
Is 20 a factor of 35316?
False
Is 13 a factor of 3419423?
False
Is 67 a factor of 18827?
True
Is 3820906 a multiple of 29?
False
Does 3 divide 9434?
False
Is 9 a factor of 10954?
False
Is 2114 a multiple of 7?
True
Does 32 divide 534656?
True
Is 390690 even?
True
Is 42 a factor of 40404?
True
Is 6437405 a multiple of 65?
True
Does 37 divide 218211?
False
Is 344 a factor of 191264?
True
Is 12928496 a multiple of 89?
True
Does 21 divide 328765?
False
Is 5 a factor of 294247?
False
Does 1270 divide 1690412?
False
Is 44 a factor of 80300?
True
Is 264 a factor of 10640?
False
Is 9225039 a multiple of 57?
False
Is 13 a factor of 4311385?
True
Is 35 a factor of 7052948?
False
Does 371 divide 316092?
True
Is 10 a factor of 115166?
False
Is 99061 a multiple of 76?
False
Is 146 a factor of 569838?
True
Is 2 a factor of 732248?
True
Is 124 a factor of 193192?
True
Is 12092610 a multiple of 1810?
True
Does 253 divide 246209?
False
Is 947242 a multiple of 664?
False
Is 91692 a multiple of 18?
True
Is 211299 a multiple of 2?
False
Does 58 divide 648237?
False
Is 52899 a multiple of 44?
False
Is 15 a factor of 191153?
False
Is 308794 a multiple of 103?
True
Is 8685 even?
False
Does 144 divide 2692656?
True
Does 52 divide 216826?
False
Is 64 a factor of 6573763?
False
Is 6 a factor of 34333?
False
Does 132 divide 5327784?
True
Does 276 divide 206204?
False
Does 476 divide 48771?
False
Is 696865 a multiple of 355?
True
Is 1057081 a multiple of 157?
True
Does 19 divide 8365140?
False
Is 282399 a multiple of 66?
False
Is 57726 a multiple of 14?
False
Is 62533 even?
False
Does 6 divide 130346?
False
Does 439 divide 579480?
True
Is 448 a factor of 1433261?
False
Does 295 divide 340659?
False
Does 20 divide 257800?
True
Does 241 divide 4820?
True
Is 114453 a multiple of 39?
False
Is 658768 a multiple of 22?
True
Does 98 divide 222852?
True
Does 721 divide 2442027?
True
Does 11 divide 283283?
True
Does 4 divide 5030?
False
Does 103 divide 64998?
False
Is 10 a factor of 83118?
False
Does 1299 divide 1684803?
True
Does 30 divide 381630?
True
Is 16 a factor of 26838?
False
Does 4 divide 2301121?
False
Is 13597490 a multiple of 16?
False
Is 7424711 a multiple of 29?
False
Is 36 a factor of 27163?
False
Does 887 divide 2513362?
False
Does 6 divide 1764?
True
Is 23435 a multiple of 43?
True
Does 107 divide 72867?
True
Is 12216924 a multiple of 19?
True
Is 84436 a multiple of 38?
True
Is 159344 a multiple of 46?
True
Is 158678 a multiple of 34?
True
Does 107 divide 748087?
False
Is 2010684 a multiple of 12?
True
Does 825 divide 8814300?
True
Is 14560409 a multiple of 165?
False
Is 19604 a multiple of 754?
True
Is 15358996 a multiple of 37?
True
Is 20 a factor of 50980?
True
Is 11040497 a multiple of 13?
True
Is 73 a factor of 1349427?
False
Does 9 divi